{"id":656,"date":"2025-10-01T20:12:06","date_gmt":"2025-10-01T20:12:06","guid":{"rendered":"https:\/\/architektur.meurer.ch\/?page_id=656"},"modified":"2025-10-01T20:40:37","modified_gmt":"2025-10-01T20:40:37","slug":"erneuerung-oberstufenzentrum-pestalozzi","status":"publish","type":"page","link":"https:\/\/architektur.meurer.ch\/index.php\/architektur\/erneuerung-oberstufenzentrum-pestalozzi\/","title":{"rendered":"2023-2029 Erneuerung Oberstufenzentrum Pestalozzi"},"content":{"rendered":"\n<p id=\"block-671ceeed-3ddc-4359-9c8b-3fde65941129\">Ein Schulhaus mit Zukunft<\/p>\n\n\n<div id=\"metaslider-id-661\" style=\"width: 100%;\" class=\"ml-slider-3-106-0 metaslider metaslider-flex metaslider-661 ml-slider ms-theme-default-base nav-hidden\" role=\"region\" aria-label=\"Erneuerung Schulzentrum Pestalozzi Stans\" data-height=\"1300\" data-width=\"2000\">\n    <div id=\"metaslider_container_661\">\n        <div id=\"metaslider_661\">\n            <ul aria-live='off' class='slides'>\n                <li style=\"display: block; width: 100%;\" class=\"slide-672 ms-image \" aria-roledescription=\"slide\" data-date=\"2025-10-01 20:18:36\" data-filename=\"V01_HR_final_250407-scaled-2000x1300.jpg\" data-slide-type=\"image\"><img loading=\"lazy\" decoding=\"async\" src=\"https:\/\/architektur.meurer.ch\/wp-content\/uploads\/2025\/10\/V01_HR_final_250407-scaled-2000x1300.jpg\" height=\"1300\" width=\"2000\" alt=\"\" class=\"slider-661 slide-672 msDefaultImage\" title=\"V01_HR_final_250407\" \/><\/li>\n                <li style=\"display: none; width: 100%;\" class=\"slide-673 ms-image \" aria-roledescription=\"slide\" data-date=\"2025-10-01 20:18:36\" data-filename=\"V02_HR_final_250407-scaled-2000x1300.jpg\" data-slide-type=\"image\"><img loading=\"lazy\" decoding=\"async\" src=\"https:\/\/architektur.meurer.ch\/wp-content\/uploads\/2025\/10\/V02_HR_final_250407-scaled-2000x1300.jpg\" height=\"1300\" width=\"2000\" alt=\"\" class=\"slider-661 slide-673 msDefaultImage\" title=\"V02_HR_final_250407\" \/><\/li>\n                <li style=\"display: none; width: 100%;\" class=\"slide-674 ms-image \" aria-roledescription=\"slide\" data-date=\"2025-10-01 20:18:36\" data-filename=\"V03_HR_250408-scaled-2000x1300.jpg\" data-slide-type=\"image\"><img loading=\"lazy\" decoding=\"async\" src=\"https:\/\/architektur.meurer.ch\/wp-content\/uploads\/2025\/10\/V03_HR_250408-scaled-2000x1300.jpg\" height=\"1300\" width=\"2000\" alt=\"\" class=\"slider-661 slide-674 msDefaultImage\" title=\"V03_HR_250408\" \/><\/li>\n                <li style=\"display: none; width: 100%;\" class=\"slide-675 ms-image \" aria-roledescription=\"slide\" data-date=\"2025-10-01 20:18:36\" data-filename=\"V04_HR_final_250407-scaled-2000x1300.jpg\" data-slide-type=\"image\"><img loading=\"lazy\" decoding=\"async\" src=\"https:\/\/architektur.meurer.ch\/wp-content\/uploads\/2025\/10\/V04_HR_final_250407-scaled-2000x1300.jpg\" height=\"1300\" width=\"2000\" alt=\"\" class=\"slider-661 slide-675 msDefaultImage\" title=\"V04_HR_final_250407\" \/><\/li>\n                <li style=\"display: none; width: 100%;\" class=\"slide-676 ms-image \" aria-roledescription=\"slide\" data-date=\"2025-10-01 20:18:36\" data-filename=\"V05_HR_final_250407-scaled-2000x1300.jpg\" data-slide-type=\"image\"><img loading=\"lazy\" decoding=\"async\" src=\"https:\/\/architektur.meurer.ch\/wp-content\/uploads\/2025\/10\/V05_HR_final_250407-scaled-2000x1300.jpg\" height=\"1300\" width=\"2000\" alt=\"\" class=\"slider-661 slide-676 msDefaultImage\" title=\"V05_HR_final_250407\" \/><\/li>\n                <li style=\"display: none; width: 100%;\" class=\"slide-677 ms-image \" aria-roledescription=\"slide\" data-date=\"2025-10-01 20:18:36\" data-filename=\"V06_250409-scaled-2000x1300.jpg\" data-slide-type=\"image\"><img loading=\"lazy\" decoding=\"async\" src=\"https:\/\/architektur.meurer.ch\/wp-content\/uploads\/2025\/10\/V06_250409-scaled-2000x1300.jpg\" height=\"1300\" width=\"2000\" alt=\"\" class=\"slider-661 slide-677 msDefaultImage\" title=\"V06_250409\" \/><\/li>\n                <li style=\"display: none; width: 100%;\" class=\"slide-678 ms-image \" aria-roledescription=\"slide\" data-date=\"2025-10-01 20:18:36\" data-filename=\"V07_250409-scaled-2000x1300.jpg\" data-slide-type=\"image\"><img loading=\"lazy\" decoding=\"async\" src=\"https:\/\/architektur.meurer.ch\/wp-content\/uploads\/2025\/10\/V07_250409-scaled-2000x1300.jpg\" height=\"1300\" width=\"2000\" alt=\"\" class=\"slider-661 slide-678 msDefaultImage\" title=\"V07_250409\" \/><\/li>\n                <li style=\"display: none; width: 100%;\" class=\"slide-679 ms-image \" aria-roledescription=\"slide\" data-date=\"2025-10-01 20:18:36\" data-filename=\"V08_250409-scaled-2000x1300.jpg\" data-slide-type=\"image\"><img loading=\"lazy\" decoding=\"async\" src=\"https:\/\/architektur.meurer.ch\/wp-content\/uploads\/2025\/10\/V08_250409-scaled-2000x1300.jpg\" height=\"1300\" width=\"2000\" alt=\"\" class=\"slider-661 slide-679 msDefaultImage\" title=\"V08_250409\" \/><\/li>\n                <li style=\"display: none; width: 100%;\" class=\"slide-680 ms-image \" aria-roledescription=\"slide\" data-date=\"2025-10-01 20:18:36\" data-filename=\"V09_250409-scaled-2000x1300.jpg\" data-slide-type=\"image\"><img loading=\"lazy\" decoding=\"async\" src=\"https:\/\/architektur.meurer.ch\/wp-content\/uploads\/2025\/10\/V09_250409-scaled-2000x1300.jpg\" height=\"1300\" width=\"2000\" alt=\"\" class=\"slider-661 slide-680 msDefaultImage\" title=\"V09_250409\" \/><\/li>\n                <li style=\"display: none; width: 100%;\" class=\"slide-681 ms-image \" aria-roledescription=\"slide\" data-date=\"2025-10-01 20:18:36\" data-filename=\"V10_HR_final_250407-1-scaled-2000x1300.jpg\" data-slide-type=\"image\"><img loading=\"lazy\" decoding=\"async\" src=\"https:\/\/architektur.meurer.ch\/wp-content\/uploads\/2025\/10\/V10_HR_final_250407-1-scaled-2000x1300.jpg\" height=\"1300\" width=\"2000\" alt=\"\" class=\"slider-661 slide-681 msDefaultImage\" title=\"V10_HR_final_250407\" \/><\/li>\n            <\/ul>\n        <\/div>\n        \n    <\/div>\n<\/div>\n\n\n\n<br>\n\n\n\n<div class=\"wp-block-media-text alignwide is-stacked-on-mobile\"><figure class=\"wp-block-media-text__media\"><img loading=\"lazy\" decoding=\"async\" width=\"1024\" height=\"853\" src=\"https:\/\/architektur.meurer.ch\/wp-content\/uploads\/2025\/10\/V10_HR_final_250407-1024x853.jpg\" alt=\"\" class=\"wp-image-658 size-full\" srcset=\"https:\/\/architektur.meurer.ch\/wp-content\/uploads\/2025\/10\/V10_HR_final_250407-1024x853.jpg 1024w, https:\/\/architektur.meurer.ch\/wp-content\/uploads\/2025\/10\/V10_HR_final_250407-300x250.jpg 300w, https:\/\/architektur.meurer.ch\/wp-content\/uploads\/2025\/10\/V10_HR_final_250407-768x640.jpg 768w, https:\/\/architektur.meurer.ch\/wp-content\/uploads\/2025\/10\/V10_HR_final_250407-1536x1280.jpg 1536w, https:\/\/architektur.meurer.ch\/wp-content\/uploads\/2025\/10\/V10_HR_final_250407-2048x1707.jpg 2048w\" sizes=\"auto, (max-width: 1024px) 100vw, 1024px\" \/><\/figure><div class=\"wp-block-media-text__content\">\n<div class=\"wp-block-columns is-not-stacked-on-mobile is-layout-flex wp-container-core-columns-is-layout-9d6595d7 wp-block-columns-is-layout-flex\" style=\"font-size:0.7rem\">\n<div class=\"wp-block-column is-vertically-aligned-top is-layout-flow wp-block-column-is-layout-flow\" style=\"font-size:1rem;flex-basis:51%\">\n<p>Bauherrschaft:<br>Adresse:<br>Auftragsart:<br>Baujahr Bestand:<br>Architekt:<br>Projektleitung:<br>Baumanagement:<br>Haustechnik:<br>Visualisierung:<br>Planung:<br>Ausf\u00fchrung:<\/p>\n<\/div>\n\n\n\n<div class=\"wp-block-column is-vertically-aligned-top is-layout-flow wp-block-column-is-layout-flow\" style=\"font-size:1rem;flex-basis:51%\">\n<p>Gemeinde Stans<br><a href=\"https:\/\/maps.app.goo.gl\/g3jH6QHSmKJvhRsf6\" target=\"_blank\" rel=\"noreferrer noopener\">hier<\/a><br>Wettbewerb<br>1971\/1984<br><a href=\"https:\/\/www.bucciquentin.com\/projects\/up\" target=\"_blank\" rel=\"noreferrer noopener\">BucciQuentin gmbh<\/a><br>Daniel Meurer<br><a href=\"https:\/\/www.bfbag.ch\/\" target=\"_blank\" rel=\"noreferrer noopener\">J\u00fcrg Melchior<\/a><br><a href=\"https:\/\/www.wpe.ch\/\" target=\"_blank\" rel=\"noreferrer noopener\">Marc Graber<\/a><br><a href=\"https:\/\/www.luceatelier.com\/\" target=\"_blank\" rel=\"noreferrer noopener\">Luce Atelier<\/a><br>2023-2026<br>2027-2029<\/p>\n<\/div>\n<\/div>\n<\/div><\/div>\n\n\n\n<br>\n\n\n\n<p>Das Oberstufenzentrum Pestalozzi in Stans wurde 1970 vom Luzerner Architekten Thomas J\u00e4ger erbaut und seither mehrfach erweitert und teilweise saniert. Nach \u00fcber 50 Jahren entspricht die Anlage weder den heutigen p\u00e4dagogischen noch den \u00f6kologischen und bautechnischen Anforderungen. Es fehlen moderne Lern- und Gruppenr\u00e4ume, die Werkst\u00e4tten sind veraltet und die Geb\u00e4udeh\u00fclle sanierungsbed\u00fcrftig.<\/p>\n\n\n\n<p>Seit 2014 pr\u00fcfte die Gemeinde verschiedene Optionen zur Erneuerung. Analysen zeigten, dass die Bausubstanz solide ist und eine Sanierung mit Aufstockung wirtschaftlich sinnvoller als ein Neubau w\u00e4re. 2023 wurde ein offener Architekturwettbewerb durchgef\u00fchrt, den das Projekt <strong>\u201eUP!\u201c<\/strong> des Z\u00fcrcher B\u00fcros bucci quentin gewann.<\/p>\n\n\n\n<p>Das Siegerprojekt \u00fcberzeugt durch einen respektvollen Umgang mit dem bestehenden Bau und eine klare architektonische Struktur. Eine neue Mittelzone verbindet k\u00fcnftig die Schulr\u00e4ume, schafft helle Lernbereiche und verbessert die Erschlie\u00dfung. Die Aufstockung in Holzbauweise nimmt Fachr\u00e4ume auf und bringt zus\u00e4tzliches Tageslicht.<\/p>\n\n\n\n<p>Mit der Sanierung und Erweiterung entsteht ein modernes, nachhaltiges und funktionales Schulhaus, das nach <strong>Minergie-Standard<\/strong> realisiert wird. Photovoltaikanlagen und verbesserte D\u00e4mmungen reduzieren den Energieverbrauch. Das erneuerte Schulzentrum soll k\u00fcnftig als lebendiger Lern- und Begegnungsort das Bindeglied zwischen dem Stanser Dorfkern und der umliegenden Landschaft bilden.<\/p>\n\n\n\n<div style=\"height:100px\" aria-hidden=\"true\" class=\"wp-block-spacer\"><\/div>\n\n\n\n<div class=\"wp-block-columns is-layout-flex wp-container-core-columns-is-layout-9d6595d7 wp-block-columns-is-layout-flex\">\n<div class=\"wp-block-column is-layout-flow wp-block-column-is-layout-flow\">\n<p><a href=\"https:\/\/architektur.meurer.ch\/index.php\/architektur\/azh\/\" data-type=\"page\" data-id=\"252\">vorheriges Projekt<\/a><\/p>\n<\/div>\n\n\n\n<div class=\"wp-block-column is-layout-flow wp-block-column-is-layout-flow\">\n<p class=\"has-text-align-center\"><a href=\"http:\/\/thun\">nach oben<\/a><\/p>\n<\/div>\n\n\n\n<div class=\"wp-block-column is-layout-flow wp-block-column-is-layout-flow\">\n<p class=\"has-text-align-right\"><a href=\"https:\/\/architektur.meurer.ch\/index.php\/architektur\/umbau-doppeleinfamilienhaushaelfte-aarau\/\" data-type=\"page\" data-id=\"366\">n\u00e4chstes Projekt<\/a><\/p>\n<\/div>\n<\/div>\n","protected":false},"excerpt":{"rendered":"<p>Ein Schulhaus mit Zukunft Das Oberstufenzentrum Pestalozzi in Stans wurde 1970 vom Luzerner Architekten Thomas J\u00e4ger erbaut und seither mehrfach erweitert und teilweise saniert. Nach \u00fcber 50 Jahren entspricht die Anlage weder den heutigen p\u00e4dagogischen noch den \u00f6kologischen und bautechnischen Anforderungen. Es fehlen moderne Lern- und Gruppenr\u00e4ume, die Werkst\u00e4tten sind veraltet und die Geb\u00e4udeh\u00fclle sanierungsbed\u00fcrftig. &hellip; <a href=\"https:\/\/architektur.meurer.ch\/index.php\/architektur\/erneuerung-oberstufenzentrum-pestalozzi\/\" class=\"more-link\"><span class=\"screen-reader-text\">2023-2029 Erneuerung Oberstufenzentrum Pestalozzi<\/span> weiterlesen<\/a><\/p>\n","protected":false},"author":1,"featured_media":0,"parent":214,"menu_order":0,"comment_status":"closed","ping_status":"closed","template":"full-width-page.php","meta":{"footnotes":""},"class_list":["post-656","page","type-page","status-publish","hentry"],"_links":{"self":[{"href":"https:\/\/architektur.meurer.ch\/index.php\/wp-json\/wp\/v2\/pages\/656","targetHints":{"allow":["GET"]}}],"collection":[{"href":"https:\/\/architektur.meurer.ch\/index.php\/wp-json\/wp\/v2\/pages"}],"about":[{"href":"https:\/\/architektur.meurer.ch\/index.php\/wp-json\/wp\/v2\/types\/page"}],"author":[{"embeddable":true,"href":"https:\/\/architektur.meurer.ch\/index.php\/wp-json\/wp\/v2\/users\/1"}],"replies":[{"embeddable":true,"href":"https:\/\/architektur.meurer.ch\/index.php\/wp-json\/wp\/v2\/comments?post=656"}],"version-history":[{"count":4,"href":"https:\/\/architektur.meurer.ch\/index.php\/wp-json\/wp\/v2\/pages\/656\/revisions"}],"predecessor-version":[{"id":685,"href":"https:\/\/architektur.meurer.ch\/index.php\/wp-json\/wp\/v2\/pages\/656\/revisions\/685"}],"up":[{"embeddable":true,"href":"https:\/\/architektur.meurer.ch\/index.php\/wp-json\/wp\/v2\/pages\/214"}],"wp:attachment":[{"href":"https:\/\/architektur.meurer.ch\/index.php\/wp-json\/wp\/v2\/media?parent=656"}],"curies":[{"name":"wp","href":"https:\/\/api.w.org\/{rel}","templated":true}]}}